{"id":102,"date":"2021-12-15T14:45:08","date_gmt":"2021-12-15T13:45:08","guid":{"rendered":"https:\/\/www.gogreenonlus.com\/?page_id=102"},"modified":"2026-02-17T17:15:47","modified_gmt":"2026-02-17T16:15:47","slug":"fiaba","status":"publish","type":"page","link":"https:\/\/www.gogreenonlus.com\/index.php\/fiaba\/","title":{"rendered":"FIABA"},"content":{"rendered":"<section class=\"wpb-content-wrapper\"><p>[vc_row][vc_column][vc_column_text]<\/p>\n<h1><strong>La Scarpa Triste e il Giardino Felice. Una Storia di <span style=\"color: #339966;\">Riciclo<\/span><\/strong><\/h1>\n<p>[\/vc_column_text][\/vc_column][\/vc_row][vc_row][vc_column][vc_single_image image=&#8221;1601&#8243; img_size=&#8221;large&#8221; alignment=&#8221;center&#8221;][\/vc_column][\/vc_row][vc_row][vc_column][vc_column_text]<\/p>\n<p data-start=\"200\" data-end=\"427\">C\u2019era una volta un bambino di nome Carlo che, per il suo sesto compleanno, espresse un desiderio molto speciale: <strong data-start=\"313\" data-end=\"426\">\u201cvorrei tanto delle scarpe magiche, con cui vivere meravigliose avventure e tanti momenti di divertimento!!!\u201d<\/strong>.<\/p>\n<p data-start=\"429\" data-end=\"872\">E proprio nel giorno del suo compleanno, Carlo ricevette un pacco speciale. La scatola era avvolta da una carta piena di colori. Sembrava quasi un arcobaleno! E c\u2019erano anche tanti brillantini che, mentre Carlo scartava il suo regalo con curiosit\u00e0, andavano di qua e di l\u00e0. Brillantini sulle mani, sulla faccia, dappertutto. Insomma, Carlo non aveva ancora scoperto cosa ci fosse nella scatola, ma <strong data-start=\"827\" data-end=\"871\">gi\u00e0 quel regalo aveva qualcosa di magico<\/strong>.<\/p>\n<p data-start=\"874\" data-end=\"1423\">Alla festa di compleanno di Carlo i suoi amichetti urlavano eccitati e divertiti: <strong data-start=\"956\" data-end=\"1012\">\u201cScarta la carta! Scarta la carta! Scarta la carta!\u201d<\/strong>. Erano tutti cos\u00ec curiosi di conoscere cosa ci fosse nella scatola e anche Carlo non stava pi\u00f9 nella pelle. E finalmente, strato di carta dopo strato di carta, Carlo apr\u00ec la scatola e dentro ci trov\u00f2 <strong data-start=\"1213\" data-end=\"1301\">un bellissimo paio di scarpe da ginnastica verdi con dei lacci bianchi lunghi lunghi<\/strong> con cui poter fare un bel fiocco grande. Carlo non poteva credere ai suoi occhi: <strong data-start=\"1383\" data-end=\"1422\">il suo desiderio si stava avverando<\/strong>.<\/p>\n<p data-start=\"1425\" data-end=\"1773\">Non aspett\u00f2 nemmeno un attimo e infil\u00f2 subito quelle belle scarpe verdi. Mentre le infilava, aveva quasi la sensazione che quelle scarpette si muovessero un po\u2019 per conto loro. Si sentiva quasi come se fosse su un tappeto volante. Ed era proprio cos\u00ec: <strong data-start=\"1677\" data-end=\"1729\">le scarpe verdi di Carlo erano veramente magiche<\/strong>. <strong data-start=\"1731\" data-end=\"1773\">Il desiderio di Carlo si era avverato!<\/strong><\/p>\n<p data-start=\"1775\" data-end=\"2328\">Da quel momento Carlo inizi\u00f2 a vivere <strong data-start=\"1813\" data-end=\"1863\">meravigliose avventure di gioco e divertimento<\/strong> insieme alle sue scarpe. Gli sembrava di vivere una favola. Ora era lui il protagonista di una bella fiaba e si sentiva <strong data-start=\"1984\" data-end=\"2023\">il bambino pi\u00f9 fortunato del mondo!<\/strong> Con quelle scarpe Carlo saltava pi\u00f9 in alto, correva pi\u00f9 veloce, camminava pi\u00f9 allegro, faceva girotondi pi\u00f9 vertiginosi e faceva scoperte sensazionali! Una volta, in una delle sue tante avventure, le sue scarpette lo portarono in <strong data-start=\"2255\" data-end=\"2328\">un giardino segreto pieno di fiori di ogni specie e colori! Un sogno!<\/strong><\/p>\n<p data-start=\"2330\" data-end=\"2589\">Quelle scarpe verdi erano proprio delle amiche per Carlo. Lui era felice con loro ma, attenzione, anche loro erano felici con lui! Ogni giorno non vedevano l\u2019ora di calzare i piedini di Carletto. E s\u00ec\u2026 quel bambino per loro era <strong data-start=\"2558\" data-end=\"2588\">Carletto, il loro Carletto<\/strong>.<\/p>\n<p data-start=\"2591\" data-end=\"2941\">Ma giorno dopo giorno, settimana dopo settimana, mese dopo mese, Carlo cresceva. E, una mattina, non riusc\u00ec pi\u00f9 a infilare le sue scarpette. <strong data-start=\"2732\" data-end=\"2824\">Quello fu decisamente il giorno pi\u00f9 triste della sua vita. E della vita delle scarpette.<\/strong> Non potevano pi\u00f9 correre, camminare, saltare con il loro Carletto e non volevano nessun altro bimbo. <strong data-start=\"2926\" data-end=\"2941\">Solo lui!!!<\/strong><\/p>\n<p data-start=\"2943\" data-end=\"3166\">Carlo pianse cos\u00ec tanto che la sua mamma e il suo pap\u00e0 corsero a comprare un altro paio di scarpe. Ma questo non serv\u00ec a nulla. <strong data-start=\"3071\" data-end=\"3111\">La tristezza di Carlo non aveva fine<\/strong> e anche le sue scarpette non conoscevano pi\u00f9 la gioia.<\/p>\n<p data-start=\"3168\" data-end=\"3535\">Una notte, per\u00f2, accadde un\u2019altra magia. Dal cielo stellato illuminato da una enorme luna piena, arriv\u00f2 una fatina.<br data-start=\"3283\" data-end=\"3286\" \/><strong data-start=\"3286\" data-end=\"3535\">\u201cCiao Carletto, io sono Betty, la fatina amica della Natura e sono qui per aiutarti a trovare di nuovo la tua felicit\u00e0. Le tue scarpette possono fare ancora grandi cose insieme a te. Per te e per tanti altri bambini. Sei pronto a scoprire come?\u201d<\/strong><\/p>\n<p data-start=\"3537\" data-end=\"3613\">Carletto non esit\u00f2 un istante e grid\u00f2 un fortissimo <strong data-start=\"3589\" data-end=\"3613\">\u201cS\u00cc\u00cc\u00cc\u00cc\u00cc\u00cc\u00cc\u00cc\u00cc\u00cc\u00cc\u00cc\u00cc\u00cc!!!\u201d<\/strong><\/p>\n<p data-start=\"3615\" data-end=\"3954\">Betty port\u00f2 Carletto e le scarpette in un posto grande dove c\u2019era una macchina gigante. Quella macchina sembrava un mostro agli occhi di Carletto. Aveva come una bocca grande dove finivano, attraverso un nastro trasportatore, delle scarpe vecchie.<br data-start=\"3862\" data-end=\"3865\" \/><strong data-start=\"3865\" data-end=\"3954\">\u201cNoooooooooooo! Io non far\u00f2 finire l\u00ec le mie scarpette, mai e poi maiiiiiiiiiiiiiii!\u201d<\/strong><\/p>\n<p data-start=\"3956\" data-end=\"4072\">Betty scoppi\u00f2 in una risata e disse:<br data-start=\"3992\" data-end=\"3995\" \/><strong data-start=\"3995\" data-end=\"4072\">\u201cCarletto, non essere precipitoso\u2026 io sono Betty, un\u2019amica della Natura!\u201d<\/strong><\/p>\n<p data-start=\"4074\" data-end=\"4248\">Dall\u2019altra parte della macchina trovarono qualcosa di incredibile: <strong data-start=\"4141\" data-end=\"4207\">una montagna di granelli di gomma morbidissimi e coloratissimi<\/strong>. Ogni granello sembrava quasi sorridere.<\/p>\n<p data-start=\"4250\" data-end=\"4564\">\u201cVedi, Carletto\u201d, disse Betty, \u201cle scarpe vecchie di solito finiscono nell\u2019immondizia\u2026 ma questo mondo \u00e8 gi\u00e0 cos\u00ec pieno di rifiuti. Questa macchina salva le scarpe dalla discarica e regala loro una seconda vita. Le trasforma in questi granuli di gomma. E sai per farci cosa? <strong data-start=\"4525\" data-end=\"4563\">Dei parchi giochi per i bambini!!!<\/strong>\u201d<\/p>\n<p data-start=\"4566\" data-end=\"4743\">In quel momento a Carletto fu tutto chiaro: <strong data-start=\"4610\" data-end=\"4743\">quei pavimenti morbidi dei parchi giochi su cui tante volte era caduto senza farsi male, erano fatti con le scarpe da ginnastica!<\/strong><\/p>\n<p data-start=\"4745\" data-end=\"4995\">Le scarpette di Carlo si guardarono negli occhi e, anche se molto commosse, capirono cosa fare. Separarsi faceva male, ma sapevano che era solo un arrivederci. Entrarono nella macchina con una lacrimuccia, ma uscirono sotto forma di granuli felici.<\/p>\n<p data-start=\"4997\" data-end=\"5120\">Stavano per diventare <strong data-start=\"5019\" data-end=\"5067\">un nuovo giardino pieno di giochi per bimbi.<\/strong><br data-start=\"5067\" data-end=\"5070\" \/>Stavano per diventare <strong data-start=\"5092\" data-end=\"5117\">un Giardino di Betty.<\/strong> \ud83c\udf1f<\/p>\n<p>[\/vc_column_text][\/vc_column][\/vc_row]<\/p>\n<\/section>","protected":false},"excerpt":{"rendered":"<p>[vc_row][vc_column][vc_column_text] La Scarpa Triste e il Giardino Felice. Una Storia di Riciclo [\/vc_column_text][\/vc_column][\/vc_row][vc_row][vc_column][vc_single_image image=&#8221;1601&#8243; img_size=&#8221;large&#8221; alignment=&#8221;center&#8221;][\/vc_column][\/vc_row][vc_row][vc_column][vc_column_text] C\u2019era una volta un bambino di nome Carlo che, per il suo sesto compleanno, espresse un desiderio molto speciale: \u201cvorrei tanto delle scarpe magiche, con cui vivere meravigliose avventure e tanti momenti di divertimento!!!\u201d. E proprio nel giorno del suo compleanno, Carlo ricevette un pacco speciale. La scatola era avvolta da una carta piena di colori. Sembrava quasi un arcobaleno! E c\u2019erano anche tanti brillantini che, mentre Carlo scartava il suo regalo con curiosit\u00e0, andavano di qua e di l\u00e0. Brillantini sulle mani, sulla [\u2026]<\/p>\n","protected":false},"author":1,"featured_media":0,"parent":0,"menu_order":0,"comment_status":"closed","ping_status":"closed","template":"","meta":[],"acf":[],"_links":{"self":[{"href":"https:\/\/www.gogreenonlus.com\/index.php\/wp-json\/wp\/v2\/pages\/102"}],"collection":[{"href":"https:\/\/www.gogreenonlus.com\/index.php\/wp-json\/wp\/v2\/pages"}],"about":[{"href":"https:\/\/www.gogreenonlus.com\/index.php\/wp-json\/wp\/v2\/types\/page"}],"author":[{"embeddable":true,"href":"https:\/\/www.gogreenonlus.com\/index.php\/wp-json\/wp\/v2\/users\/1"}],"replies":[{"embeddable":true,"href":"https:\/\/www.gogreenonlus.com\/index.php\/wp-json\/wp\/v2\/comments?post=102"}],"version-history":[{"count":8,"href":"https:\/\/www.gogreenonlus.com\/index.php\/wp-json\/wp\/v2\/pages\/102\/revisions"}],"predecessor-version":[{"id":1861,"href":"https:\/\/www.gogreenonlus.com\/index.php\/wp-json\/wp\/v2\/pages\/102\/revisions\/1861"}],"wp:attachment":[{"href":"https:\/\/www.gogreenonlus.com\/index.php\/wp-json\/wp\/v2\/media?parent=102"}],"curies":[{"name":"wp","href":"https:\/\/api.w.org\/{rel}","templated":true}]}}